{"id":92,"date":"2015-08-21T12:44:45","date_gmt":"2015-08-21T18:44:45","guid":{"rendered":"http:\/\/www.joacomputacion.com\/?page_id=92"},"modified":"2018-09-05T16:12:48","modified_gmt":"2018-09-05T22:12:48","slug":"erp","status":"publish","type":"page","link":"https:\/\/www.staging.joacomputacion.com\/index.php\/erp\/","title":{"rendered":"ERP"},"content":{"rendered":"<p>&nbsp;<\/p>\n<h2 style=\"text-align: justify;\"><a href=\"http:\/\/www.joacomputacion.com\/wp-content\/uploads\/2015\/08\/Dibujo.jpg\"><img loading=\"lazy\" decoding=\"async\" class=\"wp-image-643\" src=\"http:\/\/www.joacomputacion.com\/wp-content\/uploads\/2015\/08\/Dibujo.jpg\" alt=\"Dibujo\" width=\"667\" height=\"155\" srcset=\"https:\/\/www.staging.joacomputacion.com\/wp-content\/uploads\/2015\/08\/Dibujo.jpg 943w, https:\/\/www.staging.joacomputacion.com\/wp-content\/uploads\/2015\/08\/Dibujo-300x70.jpg 300w\" sizes=\"(max-width: 667px) 100vw, 667px\" \/><\/a><\/h2>\n<h2><\/h2>\n<h2><\/h2>\n<h2><\/h2>\n<h2><\/h2>\n<h2><\/h2>\n<h2><\/h2>\n<h2>Especializado en Restaurantes<\/h2>\n<h2><\/h2>\n<h3 style=\"text-align: justify;\">Integraci\u00f3n de sus sistemas de informaci\u00f3n en una sola aplicaci\u00f3n en la\u00a0nube.<\/h3>\n<h3 style=\"text-align: justify;\">Registre una vez e impacte todas las \u00e1reas de su administraci\u00f3n:\u00a0compras, contabilidad, cuentas por pagar, inventarios, ventas, cuentas por cobrar, activo fijo. Toda su informaci\u00f3n en l\u00ednea.<\/h3>\n<h3 style=\"text-align: justify;\">Interfaz con sistemas de punto de venta [InteRest (mr) y otros].<\/h3>\n<h3 style=\"text-align: justify;\"><\/h3>\n<h3 style=\"text-align: justify;\"><span style=\"color: #ff0000;\">Entre sus beneficios:<\/span><\/h3>\n<h2><\/h2>\n<h2><a href=\"http:\/\/www.joacomputacion.com\/wp-content\/uploads\/2015\/08\/HojasJOA_agosto2018_CambiosFinales-001-e1536174342257.jpg\"><img loading=\"lazy\" decoding=\"async\" class=\"aligncenter wp-image-621 size-large\" src=\"http:\/\/www.joacomputacion.com\/wp-content\/uploads\/2015\/08\/HojasJOA_agosto2018_CambiosFinales-001-e1536175347862-1024x681.jpg\" alt=\"HojasJOA_agosto2018_CambiosFinales-001\" width=\"838\" height=\"557\" \/><\/a><\/h2>\n<h2><a href=\"http:\/\/www.joacomputacion.com\/wp-content\/uploads\/2015\/08\/HojasJOA_agosto2018_CambiosFinales-005.jpg\"><img loading=\"lazy\" decoding=\"async\" class=\"aligncenter wp-image-625 size-large\" src=\"http:\/\/www.joacomputacion.com\/wp-content\/uploads\/2015\/08\/HojasJOA_agosto2018_CambiosFinales-005-e1536175656710-1024x732.jpg\" alt=\"HojasJOA_agosto2018_CambiosFinales-005\" width=\"838\" height=\"599\" srcset=\"https:\/\/www.staging.joacomputacion.com\/wp-content\/uploads\/2015\/08\/HojasJOA_agosto2018_CambiosFinales-005-e1536175656710-1024x732.jpg 1024w, https:\/\/www.staging.joacomputacion.com\/wp-content\/uploads\/2015\/08\/HojasJOA_agosto2018_CambiosFinales-005-e1536175656710-300x214.jpg 300w, https:\/\/www.staging.joacomputacion.com\/wp-content\/uploads\/2015\/08\/HojasJOA_agosto2018_CambiosFinales-005-e1536175656710.jpg 1214w\" sizes=\"(max-width: 838px) 100vw, 838px\" \/><\/a><\/h2>\n<h2><\/h2>\n<h2><a href=\"http:\/\/www.joacomputacion.com\/wp-content\/uploads\/2015\/08\/HojasJOA_agosto2018_CambiosFinales-007.jpg\"><img loading=\"lazy\" decoding=\"async\" class=\"aligncenter wp-image-627 size-full\" src=\"http:\/\/www.joacomputacion.com\/wp-content\/uploads\/2015\/08\/HojasJOA_agosto2018_CambiosFinales-007-e1536183521266.jpg\" alt=\"HojasJOA_agosto2018_CambiosFinales-007\" width=\"1218\" height=\"572\" srcset=\"https:\/\/www.staging.joacomputacion.com\/wp-content\/uploads\/2015\/08\/HojasJOA_agosto2018_CambiosFinales-007-e1536183521266.jpg 1218w, https:\/\/www.staging.joacomputacion.com\/wp-content\/uploads\/2015\/08\/HojasJOA_agosto2018_CambiosFinales-007-e1536183521266-300x141.jpg 300w, https:\/\/www.staging.joacomputacion.com\/wp-content\/uploads\/2015\/08\/HojasJOA_agosto2018_CambiosFinales-007-e1536183521266-1024x481.jpg 1024w\" sizes=\"(max-width: 1218px) 100vw, 1218px\" \/><\/a><\/h2>\n<h2><\/h2>\n<h2><a href=\"http:\/\/www.joacomputacion.com\/wp-content\/uploads\/2015\/08\/HojasJOA_agosto2018_CambiosFinales-002-e1536175424290.jpg\"><img loading=\"lazy\" decoding=\"async\" class=\"aligncenter size-full wp-image-622\" src=\"http:\/\/www.joacomputacion.com\/wp-content\/uploads\/2015\/08\/HojasJOA_agosto2018_CambiosFinales-002-e1536175424290.jpg\" alt=\"HojasJOA_agosto2018_CambiosFinales-002\" width=\"1067\" height=\"706\" srcset=\"https:\/\/www.staging.joacomputacion.com\/wp-content\/uploads\/2015\/08\/HojasJOA_agosto2018_CambiosFinales-002-e1536175424290.jpg 1067w, https:\/\/www.staging.joacomputacion.com\/wp-content\/uploads\/2015\/08\/HojasJOA_agosto2018_CambiosFinales-002-e1536175424290-300x199.jpg 300w, https:\/\/www.staging.joacomputacion.com\/wp-content\/uploads\/2015\/08\/HojasJOA_agosto2018_CambiosFinales-002-e1536175424290-1024x678.jpg 1024w, https:\/\/www.staging.joacomputacion.com\/wp-content\/uploads\/2015\/08\/HojasJOA_agosto2018_CambiosFinales-002-e1536175424290-207x136.jpg 207w, https:\/\/www.staging.joacomputacion.com\/wp-content\/uploads\/2015\/08\/HojasJOA_agosto2018_CambiosFinales-002-e1536175424290-140x94.jpg 140w\" sizes=\"(max-width: 1067px) 100vw, 1067px\" \/><\/a><\/h2>\n<h2><a href=\"http:\/\/www.joacomputacion.com\/wp-content\/uploads\/2015\/08\/HojasJOA_agosto2018_CambiosFinales-006-e1536176214505.jpg\"><img loading=\"lazy\" decoding=\"async\" class=\"aligncenter wp-image-626 size-full\" src=\"http:\/\/www.joacomputacion.com\/wp-content\/uploads\/2015\/08\/HojasJOA_agosto2018_CambiosFinales-006-e1536176214505.jpg\" alt=\"HojasJOA_agosto2018_CambiosFinales-006\" width=\"860\" height=\"393\" srcset=\"https:\/\/www.staging.joacomputacion.com\/wp-content\/uploads\/2015\/08\/HojasJOA_agosto2018_CambiosFinales-006-e1536176214505.jpg 860w, https:\/\/www.staging.joacomputacion.com\/wp-content\/uploads\/2015\/08\/HojasJOA_agosto2018_CambiosFinales-006-e1536176214505-300x137.jpg 300w\" sizes=\"(max-width: 860px) 100vw, 860px\" \/><\/a><\/h2>\n<h2><a href=\"http:\/\/www.joacomputacion.com\/wp-content\/uploads\/2015\/08\/HojasJOA_agosto2018_CambiosFinales-003.jpg\"><img loading=\"lazy\" decoding=\"async\" class=\"aligncenter wp-image-623 size-full\" src=\"http:\/\/www.joacomputacion.com\/wp-content\/uploads\/2015\/08\/HojasJOA_agosto2018_CambiosFinales-003-e1536183782177.jpg\" alt=\"HojasJOA_agosto2018_CambiosFinales-003\" width=\"1202\" height=\"603\" srcset=\"https:\/\/www.staging.joacomputacion.com\/wp-content\/uploads\/2015\/08\/HojasJOA_agosto2018_CambiosFinales-003-e1536183782177.jpg 1202w, https:\/\/www.staging.joacomputacion.com\/wp-content\/uploads\/2015\/08\/HojasJOA_agosto2018_CambiosFinales-003-e1536183782177-300x150.jpg 300w, https:\/\/www.staging.joacomputacion.com\/wp-content\/uploads\/2015\/08\/HojasJOA_agosto2018_CambiosFinales-003-e1536183782177-1024x514.jpg 1024w, https:\/\/www.staging.joacomputacion.com\/wp-content\/uploads\/2015\/08\/HojasJOA_agosto2018_CambiosFinales-003-e1536183782177-319x160.jpg 319w\" sizes=\"(max-width: 1202px) 100vw, 1202px\" \/><\/a><\/h2>\n<h2><a href=\"http:\/\/www.joacomputacion.com\/wp-content\/uploads\/2015\/08\/HojasJOA_agosto2018_CambiosFinales-004.jpg\"><img loading=\"lazy\" decoding=\"async\" class=\"aligncenter wp-image-624 size-full\" src=\"http:\/\/www.joacomputacion.com\/wp-content\/uploads\/2015\/08\/HojasJOA_agosto2018_CambiosFinales-004-e1536183860923.jpg\" alt=\"HojasJOA_agosto2018_CambiosFinales-004\" width=\"1214\" height=\"718\" srcset=\"https:\/\/www.staging.joacomputacion.com\/wp-content\/uploads\/2015\/08\/HojasJOA_agosto2018_CambiosFinales-004-e1536183860923.jpg 1214w, https:\/\/www.staging.joacomputacion.com\/wp-content\/uploads\/2015\/08\/HojasJOA_agosto2018_CambiosFinales-004-e1536183860923-300x177.jpg 300w, https:\/\/www.staging.joacomputacion.com\/wp-content\/uploads\/2015\/08\/HojasJOA_agosto2018_CambiosFinales-004-e1536183860923-1024x606.jpg 1024w\" sizes=\"(max-width: 1214px) 100vw, 1214px\" \/><\/a><\/h2>\n<h2><a href=\"http:\/\/www.joacomputacion.com\/wp-content\/uploads\/2015\/08\/HojasJOA_agosto2018_CambiosFinales-008-e1536182364933.jpg\"><img loading=\"lazy\" decoding=\"async\" class=\"aligncenter size-full wp-image-628\" src=\"http:\/\/www.joacomputacion.com\/wp-content\/uploads\/2015\/08\/HojasJOA_agosto2018_CambiosFinales-008-e1536182364933.jpg\" alt=\"HojasJOA_agosto2018_CambiosFinales-008\" width=\"1154\" height=\"535\" srcset=\"https:\/\/www.staging.joacomputacion.com\/wp-content\/uploads\/2015\/08\/HojasJOA_agosto2018_CambiosFinales-008-e1536182364933.jpg 1154w, https:\/\/www.staging.joacomputacion.com\/wp-content\/uploads\/2015\/08\/HojasJOA_agosto2018_CambiosFinales-008-e1536182364933-300x139.jpg 300w, https:\/\/www.staging.joacomputacion.com\/wp-content\/uploads\/2015\/08\/HojasJOA_agosto2018_CambiosFinales-008-e1536182364933-1024x475.jpg 1024w\" sizes=\"(max-width: 1154px) 100vw, 1154px\" \/><\/a><\/h2>\n<h2><a href=\"http:\/\/www.joacomputacion.com\/wp-content\/uploads\/2015\/08\/HojasJOA_agosto2018_CambiosFinales-009-e1536172408429.jpg\"><img loading=\"lazy\" decoding=\"async\" class=\"aligncenter size-full wp-image-629\" src=\"http:\/\/www.joacomputacion.com\/wp-content\/uploads\/2015\/08\/HojasJOA_agosto2018_CambiosFinales-009-e1536172408429.jpg\" alt=\"HojasJOA_agosto2018_CambiosFinales-009\" width=\"757\" height=\"436\" srcset=\"https:\/\/www.staging.joacomputacion.com\/wp-content\/uploads\/2015\/08\/HojasJOA_agosto2018_CambiosFinales-009-e1536172408429.jpg 757w, https:\/\/www.staging.joacomputacion.com\/wp-content\/uploads\/2015\/08\/HojasJOA_agosto2018_CambiosFinales-009-e1536172408429-300x173.jpg 300w\" sizes=\"(max-width: 757px) 100vw, 757px\" \/><\/a><\/h2>\n<h2><\/h2>\n<h2><\/h2>\n<h2><a href=\"http:\/\/www.joacomputacion.com\/wp-content\/uploads\/2015\/08\/HojasJOA_agosto2018_CambiosFinales-010.jpg\"><img loading=\"lazy\" decoding=\"async\" class=\"aligncenter wp-image-630 size-full\" src=\"http:\/\/www.joacomputacion.com\/wp-content\/uploads\/2015\/08\/HojasJOA_agosto2018_CambiosFinales-010-e1536184048279.jpg\" alt=\"HojasJOA_agosto2018_CambiosFinales-010\" width=\"1218\" height=\"603\" srcset=\"https:\/\/www.staging.joacomputacion.com\/wp-content\/uploads\/2015\/08\/HojasJOA_agosto2018_CambiosFinales-010-e1536184048279.jpg 1218w, https:\/\/www.staging.joacomputacion.com\/wp-content\/uploads\/2015\/08\/HojasJOA_agosto2018_CambiosFinales-010-e1536184048279-300x149.jpg 300w, https:\/\/www.staging.joacomputacion.com\/wp-content\/uploads\/2015\/08\/HojasJOA_agosto2018_CambiosFinales-010-e1536184048279-1024x507.jpg 1024w\" sizes=\"(max-width: 1218px) 100vw, 1218px\" \/><\/a><\/h2>\n<h2><a href=\"http:\/\/www.joacomputacion.com\/wp-content\/uploads\/2015\/08\/HojasJOA_agosto2018_CambiosFinales-011.jpg\"><img loading=\"lazy\" decoding=\"async\" class=\"aligncenter wp-image-631 size-full\" src=\"http:\/\/www.joacomputacion.com\/wp-content\/uploads\/2015\/08\/HojasJOA_agosto2018_CambiosFinales-011-e1536184122328.jpg\" alt=\"HojasJOA_agosto2018_CambiosFinales-011\" width=\"1210\" height=\"714\" srcset=\"https:\/\/www.staging.joacomputacion.com\/wp-content\/uploads\/2015\/08\/HojasJOA_agosto2018_CambiosFinales-011-e1536184122328.jpg 1210w, https:\/\/www.staging.joacomputacion.com\/wp-content\/uploads\/2015\/08\/HojasJOA_agosto2018_CambiosFinales-011-e1536184122328-300x177.jpg 300w, https:\/\/www.staging.joacomputacion.com\/wp-content\/uploads\/2015\/08\/HojasJOA_agosto2018_CambiosFinales-011-e1536184122328-1024x604.jpg 1024w\" sizes=\"(max-width: 1210px) 100vw, 1210px\" \/><\/a><\/h2>\n<h2><a href=\"http:\/\/www.joacomputacion.com\/wp-content\/uploads\/2015\/08\/ilovepdf_com.jpg\"><img loading=\"lazy\" decoding=\"async\" class=\"aligncenter wp-image-632 size-full\" src=\"http:\/\/www.joacomputacion.com\/wp-content\/uploads\/2015\/08\/ilovepdf_com-e1536184176527.jpg\" alt=\"ilovepdf_com\" width=\"1198\" height=\"773\" srcset=\"https:\/\/www.staging.joacomputacion.com\/wp-content\/uploads\/2015\/08\/ilovepdf_com-e1536184176527.jpg 1198w, https:\/\/www.staging.joacomputacion.com\/wp-content\/uploads\/2015\/08\/ilovepdf_com-e1536184176527-300x194.jpg 300w, https:\/\/www.staging.joacomputacion.com\/wp-content\/uploads\/2015\/08\/ilovepdf_com-e1536184176527-1024x661.jpg 1024w\" sizes=\"(max-width: 1198px) 100vw, 1198px\" \/><\/a><a href=\"http:\/\/www.joacomputacion.com\/wp-content\/uploads\/2015\/08\/HojasJOA_agosto2018_CambiosFinales-001-e1536171941626.jpg\"><br \/>\n<\/a><\/h2>\n<p>&nbsp;<\/p>\n<p>&nbsp;<\/p>\n<h3 style=\"text-align: center;\"><span style=\"color: #000000;\"><em><strong>Tenga la informaci\u00f3n en l\u00ednea de su empresa \u00a1\u00a1 ya !!<\/strong><\/em><\/span><\/h3>\n","protected":false},"excerpt":{"rendered":"<p>&nbsp; Especializado en Restaurantes Integraci\u00f3n de sus sistemas de informaci\u00f3n en una sola aplicaci\u00f3n en la\u00a0nube. Registre una vez e impacte todas las \u00e1reas de su administraci\u00f3n:\u00a0compras, contabilidad, cuentas por pagar, inventarios, ventas, cuentas por cobrar, activo fijo. Toda su informaci\u00f3n en l\u00ednea. Interfaz con sistemas de punto de venta [InteRest (mr) y otros]. Entre [&hellip;]<\/p>\n","protected":false},"author":1,"featured_media":0,"parent":0,"menu_order":0,"comment_status":"open","ping_status":"closed","template":"","meta":{"footnotes":""},"class_list":["post-92","page","type-page","status-publish","hentry"],"_links":{"self":[{"href":"https:\/\/www.staging.joacomputacion.com\/index.php\/wp-json\/wp\/v2\/pages\/92"}],"collection":[{"href":"https:\/\/www.staging.joacomputacion.com\/index.php\/wp-json\/wp\/v2\/pages"}],"about":[{"href":"https:\/\/www.staging.joacomputacion.com\/index.php\/wp-json\/wp\/v2\/types\/page"}],"author":[{"embeddable":true,"href":"https:\/\/www.staging.joacomputacion.com\/index.php\/wp-json\/wp\/v2\/users\/1"}],"replies":[{"embeddable":true,"href":"https:\/\/www.staging.joacomputacion.com\/index.php\/wp-json\/wp\/v2\/comments?post=92"}],"version-history":[{"count":28,"href":"https:\/\/www.staging.joacomputacion.com\/index.php\/wp-json\/wp\/v2\/pages\/92\/revisions"}],"predecessor-version":[{"id":669,"href":"https:\/\/www.staging.joacomputacion.com\/index.php\/wp-json\/wp\/v2\/pages\/92\/revisions\/669"}],"wp:attachment":[{"href":"https:\/\/www.staging.joacomputacion.com\/index.php\/wp-json\/wp\/v2\/media?parent=92"}],"curies":[{"name":"wp","href":"https:\/\/api.w.org\/{rel}","templated":true}]}}