{"id":512,"date":"2016-05-23T17:02:38","date_gmt":"2016-05-23T23:02:38","guid":{"rendered":"http:\/\/www.joacomputacion.com\/?page_id=512"},"modified":"2024-07-19T10:33:42","modified_gmt":"2024-07-19T16:33:42","slug":"noticias","status":"publish","type":"page","link":"https:\/\/www.staging.joacomputacion.com\/index.php\/noticias\/","title":{"rendered":"Noticias"},"content":{"rendered":"<p><span style=\"color: #ff0000;\">19 de julio 2024<\/span><\/p>\n<p>Desde ayer por la tarde y hoy por la ma\u00f1ana, 19 de julio 2024, hubo una falla inform\u00e1tica en una actualizaci\u00f3n de un antivirus asociado a Windows. Solo tenemos reporte de un caso de nuestros clientes y la soluci\u00f3n fue reiniciar los equipos para que el parche que se gener\u00f3 por parte del fabricante tuviera efecto.<\/p>\n<p><span style=\"text-decoration: underline;\">Como siempre nuestra recomendaci\u00f3n es que las actualizaciones autom\u00e1ticas est\u00e9n deshabilitadas. De esta forma, las actualizaciones sean realizadas de forma programada y en un momento en que el \u00e1rea de sistemas tenga pleno control de las variables involucradas y las computadoras sean actualizadas de una por una. Todo esto con una una prueba previa de que todo est\u00e1 en orden en cada organizaci\u00f3n con la nueva actualizaci\u00f3n de Windows.<\/span><\/p>\n<p>En caso de tener m\u00e1s noticias relevantes para ustedes se los haremos saber.<\/p>\n<p><span style=\"color: #ff0000;\">4 de abril 2024<\/span><\/p>\n<p>El d\u00eda de hoy, EDICOM anunci\u00f3 un cambio en su certificado de seguridad que entrar\u00e1 en vigor el 10 de abril de 2024. Este cambio no afectar\u00e1 a las aplicaciones de JOA Computaci\u00f3n.<\/p>\n<p><span style=\"color: #ff0000;\">19 de marzo 2024<\/span><\/p>\n<p>Hemos puesto nuevas versiones en el servidor FTP de JOA Computaci\u00f3n. El cambio fundamental en esta versi\u00f3n es en la modificaci\u00f3n del CFDI con complemento de pago, cuando la cantidad pagada de un CFDI de ingresos, no es el 100%, ahora los impuestos se calculan en la parte proporcional del pago realizado contra el importe total del CFDI de ingresos.<\/p>\n<p>Las nuevas versiones disponibles son:<\/p>\n<p>ACTIW5830\u00a0 &#8211;\u00a0 \u00a0Peque\u00f1os negocios<\/p>\n<p>ACTIW5831\u00a0 \u00a0&#8211;\u00a0 \u00a0Intermedia<\/p>\n<p>ACTIW5832\u00a0 \u00a0&#8211;\u00a0 \u00a0Est\u00e1ndar<\/p>\n<p>ACTIW5833\u00a0 \u00a0&#8211;\u00a0 \u00a0Est\u00e1ndar Touch<\/p>\n<p>&nbsp;<\/p>\n<p>&nbsp;<\/p>\n<p><span style=\"color: #ff0000;\">11 de diciembre 2023<\/span><\/p>\n<p>&nbsp;<\/p>\n<p>Algunos clientes est\u00e1n experimentando dificultad en configurar su computadora (Windows) para permitir TLS 1.2.<\/p>\n<p>Dependiendo del navegador predeterminado esto puede variar. Favor de consultar la siguiente liga para que, dependiendo del navegador predeterminado en su computadora, pueda configurar su navegador para permitir TLS 1.2.<\/p>\n<p>https:\/\/knowledge.digicert.com\/general-information\/enabling-tls-1-1-and-tls-1-2-on-web-browsers<\/p>\n<p>Aseg\u00farese de activar TLS 1.2 y DESACTIVAR TLS 1.1 Y 1.0. (Tambi\u00e9n desactive SSL si lo cree necesario. Sin embargo, esto \u00faltimo podr\u00eda afectar en otras aplicaciones que use en su computadora).<\/p>\n<p><span style=\"color: #ff0000;\">5 de diciembre de 2023<\/span><\/p>\n<p>El d\u00eda de hoy agregamos el archivo LEERME2.rtf a la actualizaci\u00f3n ACTIW5787 con sugerencias para configurar\u00a0windows adecuadamente para poder usar el protocolo TLS 1.2 en el timbrado de CFDI con el PAC EDICOM.<\/p>\n<p><span style=\"color: #ff0000;\">4 de diciembre de 2023<\/span><\/p>\n<p>El d\u00eda\u00a0de hoy hemos publicado en el FTP de JOA la actualizaci\u00f3n ACTIW5787 con las librer\u00edas que usan las aplicaciones de JOA llamada EDICOM1 y EDICOM3 (y sus respectivos archivos auxiliares). No tienen contrase\u00f1a.<\/p>\n<p>Hemos incorporado funcionalidad adicional para las suites de cifrado y protocolo TLS 1.2.<\/p>\n<p>Favor de usar esta versi\u00f3n en vez de la versi\u00f3n del 2 de diciembre 2023 y en vez de la del 28 de noviembre 2023.<\/p>\n<p>Gracias.<\/p>\n<p><span style=\"color: #ff0000;\">2 de diciembre de 2023<\/span><\/p>\n<p>El d\u00eda de hoy hemos publicado en el FTP de JOA la actualizaci\u00f3n ACTIW5786\u00a0con las librer\u00edas que usan las aplicaciones de JOA llamada EDICOM1 y EDICOM3 (y sus respectivos archivos auxiliares). No tienen contrase\u00f1a.<\/p>\n<p>En esta ocasi\u00f3n hemos aumentado la versi\u00f3n de .NET FRAMEWORK a 4.7.1.<\/p>\n<p>Quiere decir que para timbrar facturas con el PAC EDICOM, deber\u00e1 colocar esta actualizaci\u00f3n (revise el archivo LEERME) e instalar en su computadora .NET FRAMEWORK 4.7.1 o superior.<\/p>\n<p>.NET FRAMEWORK 4.7.1 se puede descargar de la p\u00e1gina de microsoft.com<\/p>\n<p>https:\/\/support.microsoft.com\/es-es\/topic\/el-instalador-sin-conexi%C3%B3n-de-microsoft-net-framework-4-7-1-para-windows-2a7d0d5e-92f2-b12d-aed4-4f5d14c8ef0c<\/p>\n<p>La versi\u00f3n que descargue puede depender de la versi\u00f3n de Windows que est\u00e9 usando por lo que conviene que elija la versi\u00f3n correcta para su versi\u00f3n de Windows.<\/p>\n<p>Versiones m\u00e1s recientes de Windows (10 y 11) es probable que tengan ya instalada una versi\u00f3n de .NET FRAMEWORK 4.7.1 o superior (revise el panel de control &#8211; programas y caracter\u00edsticas &#8211; activar o desactivar las caracter\u00edsticas de windows y busque &#8220;Microsoft .NET Framework&#8221; observando cu\u00e1l es la versi\u00f3n m\u00e1s alta instalada).<\/p>\n<p>&nbsp;<\/p>\n<p><span style=\"color: #ff0000;\">28 de noviembre de 2023<\/span><\/p>\n<p>El pasado d\u00eda 21 de noviembre de 2023, el PAC Edicom anunci\u00f3 que requiere el protocolo TLS 1.2 a partir del 11 de diciembre de 2023 en todos los protocolos de comunicaci\u00f3n para solicitar timbrado de CFDIs.<\/p>\n<p>El cambio debe hacerse a tres niveles:<\/p>\n<p>a. Nivel del sistema operativo (Windows)<\/p>\n<p>b. Nivel de la plataforma (.NET FRAMEWORK)<\/p>\n<p>c. Nivel de la apliaci\u00f3n<\/p>\n<p>Respecto al tema relacionado con la aplicaci\u00f3n, en JOA hemos liberado la actualizaci\u00f3n: ACTIW5783 (puede bajarla de nuestro FTP) con las librer\u00edas que usan las aplicaciones de JOA llamada EDICOM1 y EDICOM3 (y sus respectivos archivos auxiliares). No tienen contrase\u00f1a.<\/p>\n<p>Recomendamos que se inicie el proceso de migraci\u00f3n de inmediato y que se corrobore con Edicom de que las facturas est\u00e1n siendo timbradas usando el protocolo TLS 1.2.<\/p>\n<p>Recuerde que los cambios a nivel de Windows y a nivel de la plataforma deber\u00eda ser realizado por su \u00e1rea de sistemas.<\/p>\n<p>El archivo LEERME de la actualizaci\u00f3n mencionada contiene informaci\u00f3n \u00fatil de consulta para casos espec\u00edficos como lo es Windows 7.<\/p>\n<p><span style=\"color: #ff0000;\">25 de septiembre de 2023<\/span><\/p>\n<p>Debido al aumento de la actividad solar y a su influjo electromagn\u00e9tico en nuestro planeta, sugerimos mantener los respaldos de su informaci\u00f3n sensible en ambientes protegidos de campos magn\u00e9ticos. La mejor soluci\u00f3n ser\u00eda una Jaula de Faraday para depositar ah\u00ed los respaldos de informaci\u00f3n. Esta se da, por ejemplo, en un horno de microondas, que no est\u00e9 en uso. Una soluci\u00f3n casera m\u00e1s simple, ser\u00eda envolver en papel aluminio los respaldos de informaci\u00f3n (sus discos duros o discos de estado s\u00f3lido), tal vez con doble envoltura para no dejar espacio a fisuras. Obviamente el papel aluminio no debe tener agujeros.<\/p>\n<p><span style=\"color: #ff0000;\">29 de agosto de 2023<\/span><\/p>\n<p>Los d\u00edas 30, 31 de agosto y 1 de septiembre de 2023\u00a0tendr\u00e1 lugar ABASTUR 2023.<\/p>\n<p>Nos complacer\u00e1 mucho saludarlos en su visita a este importante evento en el stand 2900.<\/p>\n<p>JOA Computaci\u00f3n ha preparado para ustedes algunas novedades que les ser\u00e1n de mucho inter\u00e9s:<\/p>\n<p>1. App para toma de pedidos en la mesa. Hemos tomado experiencia del sonado fracaso que tuvo en todo M\u00e9xico (en una cadena de alcance nacional) cuando dieron a los meseros una pocket pc y tuvieron que retirar esa inversi\u00f3n millonaria PORQUE NO FUNCION\u00d3. Tomando los aciertos y los errores de esa experiencia, JOA Computaci\u00f3n pondr\u00e1 al alcance de\u00a0nuestros clientes\u00a0una App para toma de pedidos que realmente funciona. Lo esperamos en Abastur para mostr\u00e1rsela.<\/p>\n<p>2. La rob\u00f3tica lleg\u00f3 a M\u00e9xico al segmento de restaurantes. JOA Computaci\u00f3n est\u00e1 convencido de la importancia de esta \u00e1rea en combinaci\u00f3n con la Inteligencia Artificial. Vis\u00edtenos para mostrarle un robot que permite apoyar el trabajo de los runners en el servicio a comensales. Nuestro fundador ha publicado trabajos de investigaci\u00f3n en el \u00e1rea de la Inteligencia Artificial y, con la oferta masiva de herramientas que est\u00e1n al alcance de todos, veremos ahora y en los pr\u00f3ximos meses, la llegada de herramientas verdaderamente sorprendentes para el sector restaurantero y hotelero.<\/p>\n<p>3. Encontramos una manera sencilla y eficaz de leer el XML de un CFDI al recibir una compra. Esto generar\u00e1 ahorros de tiempo en esta importante tarea. Pregunte por la versi\u00f3n del m\u00f3dulo Inventarios y Costos,\u00a0 correspondiente a su negocio.<\/p>\n<p>4. La eficacia en las cocinas de producci\u00f3n juega un papel muy relevante en las utilidades y el correcto abasto de productos. Hemos dise\u00f1ado una herramienta muy eficaz para pronosticar las compras y para pronosticar la producci\u00f3n. Elabore planes de producci\u00f3n considerando sus demandas y sus capacidades (tanto de produccci\u00f3n como de almacenaje).<\/p>\n<p>\u00a1Le esperamos en Abastur 2023!\u00a0 (stand 2900)<\/p>\n<p>Si no puede asistir, llame al \u00e1rea de ventas donde nuestros ejecutivos le atender\u00e1n.<\/p>\n<p>&nbsp;<\/p>\n<p><span style=\"color: #ff0000;\">2 de agosto de 2023<\/span><\/p>\n<p>Se generaron las versiones ACTIW5749 a ACTIW5752.\u00a0 En estas versiones,<\/p>\n<p>1. El CFDI con complemento de pago, desglosa impuestos para el caso del IEPS.<\/p>\n<p>2. Corrige un mensaje de advertencia al generar el PDF del CFDI con complemento de pagos cuando hay IVA implicado.<\/p>\n<p><span style=\"color: #ff0000;\">14 de junio de 2023<\/span><\/p>\n<p>El d\u00eda de hoy se instal\u00f3 en el FTP de JOA las versiones ACTIW5712 a ACTIW5715 con las siguientes mejoras en CFDI 4.0.<\/p>\n<p>1. Ahora el nombre del receptor puede tener caracteres especiales como \u00d1, \u00c1, &#8230;<\/p>\n<p>2. Por petici\u00f3n de algunos de nuestros clientes, ahora el CFDI con complemento de pago, desglosa impuestos (solo para el caso del IVA).<\/p>\n<p>Solicite telef\u00f3nicamente la contrase\u00f1a de la versi\u00f3n que desee instalar.<\/p>\n<p>&nbsp;<\/p>\n<p><span style=\"color: #ff0000;\">3 de abril de 2023<\/span><\/p>\n<p>Recuerde que si va a realizar una factura CFDI 4.0 para el RFC:\u00a0 XAXX010101000 de una nota de venta (o varias) pero sin ser global:<\/p>\n<p>1. La raz\u00f3n social debe ser: VENTA AL PUBLICO EN GENERAL\u00a0 (no ponga PUBLICO EN GENERAL).<\/p>\n<p>2. El RFC: XAXX010101000<\/p>\n<p>3. El c\u00f3digo postal debe ser igual al del emisor.<\/p>\n<p>4. El r\u00e9gimen fiscal debe ser 616 (Sin obligaciones fiscales).<\/p>\n<p>5. El uso del CFDI debe ser S01 (Sin efectos fiscales).<\/p>\n<p><span style=\"color: #ff0000;\">29 de marzo de 2023<\/span><\/p>\n<p>El pr\u00f3ximo 1 de abril 2023 ser\u00e1 obligatorio usar CFDI 4.0. Para los usuarios que no han activado esta versi\u00f3n les sugerimos hacerlo a la brevedad posible.\u00a0 Gracias.<\/p>\n<p>&nbsp;<\/p>\n","protected":false},"excerpt":{"rendered":"<p>19 de julio 2024 Desde ayer por la tarde y hoy por la ma\u00f1ana, 19 de julio 2024, hubo una falla inform\u00e1tica en una actualizaci\u00f3n de un antivirus asociado a Windows. Solo tenemos reporte de un caso de nuestros clientes y la soluci\u00f3n fue reiniciar los equipos para que el parche que se gener\u00f3 por [&hellip;]<\/p>\n","protected":false},"author":1,"featured_media":0,"parent":0,"menu_order":0,"comment_status":"open","ping_status":"closed","template":"","meta":{"footnotes":""},"class_list":["post-512","page","type-page","status-publish","hentry"],"_links":{"self":[{"href":"https:\/\/www.staging.joacomputacion.com\/index.php\/wp-json\/wp\/v2\/pages\/512"}],"collection":[{"href":"https:\/\/www.staging.joacomputacion.com\/index.php\/wp-json\/wp\/v2\/pages"}],"about":[{"href":"https:\/\/www.staging.joacomputacion.com\/index.php\/wp-json\/wp\/v2\/types\/page"}],"author":[{"embeddable":true,"href":"https:\/\/www.staging.joacomputacion.com\/index.php\/wp-json\/wp\/v2\/users\/1"}],"replies":[{"embeddable":true,"href":"https:\/\/www.staging.joacomputacion.com\/index.php\/wp-json\/wp\/v2\/comments?post=512"}],"version-history":[{"count":129,"href":"https:\/\/www.staging.joacomputacion.com\/index.php\/wp-json\/wp\/v2\/pages\/512\/revisions"}],"predecessor-version":[{"id":813,"href":"https:\/\/www.staging.joacomputacion.com\/index.php\/wp-json\/wp\/v2\/pages\/512\/revisions\/813"}],"wp:attachment":[{"href":"https:\/\/www.staging.joacomputacion.com\/index.php\/wp-json\/wp\/v2\/media?parent=512"}],"curies":[{"name":"wp","href":"https:\/\/api.w.org\/{rel}","templated":true}]}}